atest common divisor of 5221293 and 22638.
1617
Calculate the greatest common factor of 225 and 581674725.
225
What is the highest common divisor of 1394 and 663626?
82
What is the highest common factor of 894 and 20175047?
149
Calculate the greatest common divisor of 4424008 and 783.
29
What is the highest common factor of 3510 and 338618475?
1755
Calculate the highest common divisor of 4996075 and 385.
35
What is the highest common factor of 1618927 and 13073?
17
Calculate the highest common factor of 39 and 12011247.
3
What is the highest common factor of 4641 and 9316034?
1547
Calculate the highest common divisor of 1291649 and 2443.
349
What is the highest common divisor of 461640 and 120?
120
What is the greatest common factor of 4130 and 8961470?
70
Calculate the greatest common factor of 1222151260 and 55.
55
Calculate the greatest common factor of 243157523 and 1929.
643
Calculate the greatest common factor of 8007144 and 876.
12
What is the greatest common factor of 4560 and 10772392?
152
What is the greatest common factor of 12544 and 69783056?
784
What is the highest common factor of 22197 and 1681687?
1057
What is the highest common factor of 40 and 53292520?
40
What is the greatest common divisor of 202379925 and 125?
25
Calculate the greatest common factor of 1954190 and 7130.
10
What is the highest common divisor of 392973 and 4431?
21
What is the highest common factor of 210086 and 7112103?
629
What is the highest common divisor of 85 and 35560430?
85
What is the highest common factor of 31337706 and 33780?
3378
What is the greatest common factor of 630 and 255402?
126
What is the highest common factor of 10862680 and 1615?
95
What is the greatest common divisor of 648 and 157090968?
216
What is the highest common divisor of 89817 and 770133?
1911
Calculate the greatest common factor of 30016 and 7465408.
4288
Calculate the greatest common factor of 135 and 11155455.
135
What is the highest common divisor of 20909 and 359779?
721
What is the greatest common divisor of 813260 and 2665110?
2590
Calculate the highest common divisor of 202957 and 899.
31
What is the greatest common divisor of 314418 and 198302?
754
Calculate the greatest common factor of 1508 and 28614079.
13
Calculate the greatest common factor of 1162 and 161352166.
166
What is the greatest common factor of 197686880 and 480?
160
What is the greatest common divisor of 136220 and 337120?
980
Calculate the greatest common factor of 44720 and 9607.
13
Calculate the highest common factor of 745206 and 17178.
42
Calculate the highest common factor of 21740 and 354580.
20
What is the greatest common divisor of 43230861 and 54?
27
Calculate the highest common divisor of 1628508 and 77.
7
What is the greatest common divisor of 104 and 129664?
8
What is the highest common factor of 54997 and 1516894?
1279
What is the greatest common factor of 4617 and 44371422?
513
Calculate the greatest common factor of 36297346 and 34.
34
Calculate the greatest common divisor of 219307445 and 4570.
2285
Calculate the highest common divisor of 293364 and 580.
116
Calculate the highest common divisor of 306 and 5598.
18
What is the highest common divisor of 173565 and 87493?
203
Calculate the highest common divisor of 30 and 170365290.
30
Calculate the highest common divisor of 166 and 1380697198.
166
Calculate the highest common divisor of 912269605 and 845.
845
What is the greatest common divisor of 175 and 3004855?
35
What is the greatest common factor of 361 and 2892401673?
361
Calculate the highest common divisor of 940 and 319810.
10
Calculate the greatest common factor of 47429877 and 99.
33
What is the highest common divisor of 4529 and 4056043?
647
Calculate the greatest common divisor of 11223194 and 2710.
542
What is the greatest common factor of 9 and 161379807?
3
Calculate the greatest common divisor of 16809646 and 301.
301
What is the highest common factor of 137159 and 7410293?
3707
Calculate the highest common factor of 1584 and 4492433.
11
What is the greatest common divisor of 55554060 and 40?
20
What is the greatest common factor of 2924852 and 448?
28
What is the greatest common divisor of 129550568 and 56?
56
What is the greatest common factor of 224 and 13307552?
32
What is the greatest common divisor of 312 and 72855640?
104
Calculate the highest common factor of 12869024 and 35770.
1022
What is the greatest common divisor of 18700 and 47583?
17
What is the greatest common factor of 1126650 and 302925?
525
Calculate the greatest common divisor of 6074280 and 1440.
360
What is the greatest common divisor of 1017112 and 8?
8
What is the highest common factor of 181427 and 19052?
433
What is the greatest common factor of 18296984 and 568?
568
Calculate the greatest common factor of 16894795 and 35940.
2995
Calculate the highest common divisor of 57740010 and 120.
30
Calculate the highest common factor of 12977091 and 5436.
1359
What is the greatest common factor of 88911 and 507492?
999
Calculate the highest common divisor of 25281060 and 588.
588
Calculate the greatest common factor of 2415567 and 462.
231
Calculate the greatest common factor of 2132 and 13730756.
52
What is the highest common factor of 44196147 and 3477?
3477
Calculate the greatest common factor of 246576 and 1024.
16
Calculate the greatest common factor of 8343 and 4656321.
927
What is the greatest common divisor of 780129 and 342?
9
Calculate the greatest common factor of 3653464 and 32.
8
Calculate the highest common divisor of 221 and 344617.
13
Calculate the highest common factor of 2000926 and 1426.
62
What is the highest common factor of 6897721 and 355?
71
Calculate the greatest common divisor of 14129390 and 11.
11
What is the greatest common factor of 137353790 and 15650?
3130
What is the highest common divisor of 6272 and 16223312?
784
What is the highest common factor of 172278 and 38862?
306
What is the highest common factor of 38823610 and 940730?
10570
What is the greatest common divisor of 15068750 and 150?
50
What is the greatest common divisor of 1030 and 20325870?
10
Calculate the highest common factor of 268700 and 4800.
100
What is the highest common factor of 7930 and 117128479?
793
Calculate the greatest common factor of 33494869 and 27066.
347
Calculate the highest common factor of 26041132 and 468.
52
What is the greatest common divisor of 11480940 and 3078?
3078
What is the highest common divisor of 2486 and 838246882?
2486
What is the highest common divisor of 268000 and 2343392?
2144
What is the highest common factor of 37643169 and 5997?
5997
Calculate the greatest common factor of 137 and 45267814.
137
What is the highest common factor of 8034 and 745290?
78
Calculate the greatest common factor of 69363 and 12964.
7
What is the greatest common factor of 71516 and 455696?
76
Calculate the greatest common divisor of 31258262 and 14.
14
Calculate the highest common factor of 11965 and 22893831.
2393
Calculate the highest common factor of 112 and 101812921.
7
What is the greatest common factor of 571130878 and 102?
34
What is the highest common factor of 32 and 2401478?
2
Calculate the highest common divisor of 1400 and 749630.
70
Calculate the greatest common divisor of 12002 and 79778.
706
Calculate the highest common divisor of 744 and 16950120.
24
What is the highest common factor of 14032601 and 253?
11
What is the greatest common divisor of 7 and 13288282?
7
What is the highest common divisor of 75 and 585045015?
15
What is the greatest common factor of 56 and 10678388?
28
Calculate the highest common divisor of 13064 and 947381684.
6532
Calculate the greatest common divisor of 4060 and 2323480.
580
What is the highest common divisor of 2550 and 28037550?
150
Calculate the greatest common factor of 11 and 844451773.
11
What is the highest common divisor of 1112 and 128778496?
1112
Calculate the highest common divisor of 44656 and 329632.
16
Calculate the highest common divisor of 33936816 and 1488.
1488
What is the highest common divisor of 142636428 and 396?
396
Calculate the highest common factor of 80 and 2998992.
16
Calculate the highest common factor of 957 and 81526308.
87
What is the highest common factor of 63181 and 3025144?
943
Calculate the highest co